prime factors of a/(10/(-8))*-8.
2
Let u(z) = -z**3 + 10*z**2 - 8*z + 12. Let q be u(9). Let n = 27 - q. Suppose -n*p - 90 = -396. List the prime factors of p.
3, 17
Let w(n) = 7 - 6*n + n**2 - n**3 + 1 + 13*n + n**2. Let s be w(4). Suppose -2*b + 276 = 2*l + 100, -5*l + 353 = s*b. What are the prime factors of b?
3, 29
Let q be (15/40*-82)/((-3)/8). Let f = q + -80. Suppose -113 = -2*m + 5*d, -m + d + f*d + 54 = 0. What are the prime factors of m?
3, 23
Suppose -13 + 33 = -4*q. Let n be (q + 12/2)/(1/57). Suppose -2*o + n - 13 = 0. List the prime factors of o.
2, 11
Suppose -4*x = a - 1652 - 410, 3*x - 2*a = 1541. Suppose 5*j - 418 = 47. Suppose f = 5*v + j + 92, -x = -3*f - 5*v. List the prime factors of f.
5, 7
Let c = 285 + -274. Suppose 4560 = -3*i + c*i. List the prime factors of i.
2, 3, 5, 19
Let j(o) = o**2 - 7*o. Let x be j(8). Suppose 5*n - 4*v = 15, 0 = 5*n + x*v - 3*v - 60. Suppose -n*h + 396 = -3*h. What are the prime factors of h?
3, 11
Let s = 116 + -112. Suppose -o = -2*q - s*o - 41, -3*o = 4*q + 79. What are the prime factors of ((-19)/6)/q - (-1847)/6?
2, 7, 11
Let p(i) = -25*i - 5 + 9*i + 17*i. Let z be p(5). Suppose 0 = -4*k + 8, 0 = -w - k - z*k + 80. What are the prime factors of w?
2, 3, 13
Suppose -6*a + 6530 = -400. Suppose 5*f = -2*f + a. List the prime factors of f.
3, 5, 11
Suppose -19*g - 7572 = 28110. What are the prime factors of (-3 + 4)/((-3)/g)?
2, 313
Let q(z) = z**3 + 3*z**2 - 9*z - 5. Let c be q(-5). Let o be c*1*(-498)/15. Let i = -188 + o. List the prime factors of i.
2, 3
Suppose 0 = 3*c - 3*s - 46383, 5*c - 77309 = -45*s + 48*s. List the prime factors of c.
7, 47
Let y = 446 + 1191. What are the prime factors of y?
1637
Let r(g) = 16*g**2 - 110*g + 48. List the prime factors of r(34).
2, 3701
Suppose 0 = -3*r + 3*c + 216, 0 = -3*r - 8*c + 7*c + 232. List the prime factors of -1*(8/r - 10433/19).
3, 61
Suppose 6*o + 72 = 18*o. Suppose 2725 = 4*g + s, o*g - 4*g - 2*s = 1370. List the prime factors of g.
2, 11, 31
Suppose -5*f = 2*m - 46348 - 12901, 4*f + 29670 = m. What are the prime factors of m?
2, 14821
Suppose 69*l + 167735 = 88*l - 83863. What are the prime factors of l?
2, 3, 2207
Suppose 3*l - 89 = -2*b + 85, l - 254 = -3*b. Suppose k + 4*r + 65 = 11, r - 97 = 3*k. Let u = k + b. List the prime factors of u.
2, 5
Suppose 0 = 4*h - 3*j - 5440, -1360 = -0*h - h + 4*j. Suppose 0 = -3*t - 325 + h. List the prime factors of t.
3, 5, 23
Let f = 122 - 98. Let w(o) = 5*o**2 - 102*o - 7. What are the prime factors of w(f)?
5, 17
What are the prime factors of (-2858)/7*(63/(-6) - 7)?
5, 1429
Let u be ((-9)/1)/(15/(-20)). Suppose 158*r - 159*r = -u. List the prime factors of (-5490)/(-27) - (r/9 - 2).
2, 3, 17
Suppose w + 2 - 6 = 0. Suppose 0*q + t = -q + 4, w*t = 0. Suppose -5*o + 120 = -3*o + 3*a, -q*o = -5*a - 240. List the prime factors of o.
2, 3, 5
Suppose 3*b = 3*p + 54 + 45, -2*b - 6 = 0. What are the prime factors of ((-13374)/81)/(8/p)?
743
Let j(t) = -408*t**3 - 5*t**2 - 27*t + 50. What are the prime factors of j(-5)?
2, 3, 5, 23, 37
Let t(k) = 10*k**2 - 15*k - 45. Let z(l) = -30*l**2 + 45*l + 136. Let j(w) = 7*t(w) + 2*z(w). What are the prime factors of j(-4)?
3, 59
Suppose -3*v = b - 10320, 10*v - 9*v = 4*b - 41332. List the prime factors of b.
2, 3, 7, 41
Let a(t) be the second derivative of -47*t**3/3 + 9*t**2 + 4*t + 16. What are the prime factors of a(-3)?
2, 3, 5
Let w be -5*(-3 + 6)*2/15. Let l(g) = -275*g - 11. Let k be l(w). Let m = k + -306. What are the prime factors of m?
233
What are the prime factors of (486/(-12))/((-4)/1688)?
3, 211
Suppose 4*q - 35 = -x + 104, -115 = -x + 2*q. Let h = -228 + x. Let u = h - -114. List the prime factors of u.
3
Let g = -51 - -56. Suppose 4*z - 22 = -3*f, -g*z - 5*f + 39 = 9. Let m(j) = 4*j**3 - 4*j**2 + 4*j + 4. List the prime factors of m(z).
2, 53
Let r be (-103)/(1 - 24/18). Suppose r*l - 300*l - 2322 = 0. List the prime factors of l.
2, 3, 43
Let t(p) = 2*p**2 + 13*p + 38. Suppose -4*w - 21 - 11 = 0. Let l be 4/(-16) + 46/w. List the prime factors of t(l).
2
Let w(k) be the second derivative of k**5/10 - k**3/6 + k**2/2 - 15*k. Let o be w(1). Suppose -o*u = 2*u - 148. What are the prime factors of u?
37
Suppose -4*h + 57 = -j, 4*j + 9*h - 5*h + 288 = 0. What are the prime factors of (46/j)/(1/(-816))?
2, 17
Let n = 13826 - 5540. List the prime factors of n.
2, 3, 1381
Let z = 2000 + 248. What are the prime factors of z?
2, 281
Let r(w) = w**2 - w - 630. Let b be r(0). Let t = b + 2524. List the prime factors of t.
2, 947
Let j(v) = 58*v + 15382. List the prime factors of j(-97).
2, 3, 271
Let i(m) = m**3 + m**2 - m + 5. Let k = 29 + -26. Let q be i(k). Let j = q - 27. What are the prime factors of j?
11
Let h = 1892 + -1333. List the prime factors of 86/h - ((-5575)/13 - 0).
3, 11, 13
Let u = 18749 - -28759. What are the prime factors of u?
2, 3, 37, 107
Let i(n) = 229*n**2 - 99*n + 614. What are the prime factors of i(9)?
2, 571
Let b(q) = 34*q**2 - 12*q + 8. What are the prime factors of b(5)?
2, 3, 7, 19
Suppose -6*h = -9*h + 4*v + 114445, 0 = 2*h + 3*v - 76325. What are the prime factors of h?
5, 13, 587
Let u(h) = h**2 + 19*h - 4. Suppose -2*k + 96 = 4*b + 28, k - 4 = 0. What are the prime factors of u(b)?
2, 11, 23
Suppose 119*w - 247162 + 25150 - 6706 = 0. What are the prime factors of w?
2, 31
Let g = 20 + -7. Suppose 47 = f - g*z + 8*z, 0 = 4*f + 4*z - 212. List the prime factors of f.
2, 13
Let o = -947 + 1676. Let s = o - 642. What are the prime factors of s?
3, 29
Suppose -5*z = -5699 + 494. Let d = z - 737. What are the prime factors of d?
2, 19
Let h be -72 + 64 + 14/1. What are the prime factors of 1 - -855 - h/(18/(-15))?
3, 7, 41
Let d = 14 + 7823. List the prime factors of d.
17, 461
Let x(v) = 8*v**2 + v - 6. Let c(q) = -q**3 + q**2 + 1. Let d(t) = -c(t) - x(t). Let m be d(9). What are the prime factors of (-314)/m + 0 - 42/(-84)?
79
What are the prime factors of (-144 + -33 + 30)/((5/(-108))/5)?
2, 3, 7
Let a = 52 - 49. Suppose -a*t - 2*y = -5*t + 6, -t - 2*y = 0. Suppose 0 = t*f + 2*f + 4*j - 232, -4*j = -4*f + 272. List the prime factors of f.
3, 7
Suppose -39 = 4*n + 33. List the prime factors of (-2111)/(-8) + n/(-144).
2, 3, 11
Suppose -112540 = 192*a - 415708. List the prime factors of a.
1579
Suppose -4*r + 115 = -b, 3*r = 5*r - 2*b - 56. Suppose l - r + 2 = -5*i, 4*l + 17 = 5*i. Let p(z) = 118*z - 1. What are the prime factors of p(l)?
5, 47
List the prime factors of 210/(-252)*(-2)/10 - (-338684)/24.
2, 3, 7
Suppose 13*x = 12*x, 59847 = 3*p + 16*x. List the prime factors of p.
19949
Suppose 0*d = d - 2, 0 = -4*j + d - 2854. Let i = -302 - j. List the prime factors of i.
3, 137
Suppose 2*w + 105 = 115. Suppose 4*t = w*n - 3454, 5*n = 13*t - 11*t + 3452. What are the prime factors of n?
2, 3, 5, 23
Let d(l) = -981*l + 2773. What are the prime factors of d(-44)?
71, 647
Let x(o) = -o**3 - 23*o**2 - 308*o + 140. List the prime factors of x(-36).
2, 7019
Suppose 0 = 36*z - 51*z + 517875. Suppose -19*u + z = 1085. List the prime factors of u.
2, 5, 11
Let v(y) = 54*y**2 + 7*y + 23. Let s be v(-4). Suppose -441 = -2*h + s. What are the prime factors of h?
2, 5, 13
Suppose 197648 = -49*v + 1545050. What are the prime factors of v?
2, 3, 4583
Let l(j) = -j**2 + 161*j - 133. List the prime factors of l(68).
41, 151
Let q be -78 + (61/(-427) - (-30)/14). Suppose -y - 45 = 209. Let t = q - y. What are the prime factors of t?
2, 89
Let x be (16/7)/(((-36)/(-7))/18). Suppose x*p - 687 = 1577. List the prime factors of p.
283
Suppose -4*c = 5*w - 872, -4*w + 2*w + 358 = -3*c. Suppose 8*k - 2253 = 523. Let u = k - w. List the prime factors of u.
3, 19
Suppose -2*f + 48 = -32. List the prime factors of 353/2*(f/8 - 3).
353
What are the prime factors of 316/(-6162) + 89394/117?
2, 191
Let c(i) = 306*i - 1653. List the prime factors of c(63).
3, 5, 47
Suppose 1205*h = 1200*h + 1225. Let d(n) = 5*n**2 - 6*n. Let y be d(6). Let a = h - y. What are the prime factors of a?
101
Let w be 8/(-10)*(-425)/(-10). Suppose 2*o + 111 = -z, z - 3*o + 131 = -0*o. Let g = w - z. List the prime factors of g.
5, 17
Let d = -120 - -122. Let x be (-8)/2*(-365)/d. Suppose -9*s = s - x. What are the prime factors of s?
73
Suppose 5*t + q + q = 75, -5